(20 - 1)).
14
Suppose i + 0*i = 15. Calculate the remainder when 29 is divided by i.
14
Suppose -3*t + 95 = -55. Suppose -6*p + p = -30. Calculate the remainder when (4/10)/(2/t) is divided by p.
4
Let g = -171 - -479. Suppose -5*y + g = -p, 2*y - 68 = y - 3*p. What is the remainder when y is divided by (2/(-5))/((-2)/80)?
14
Let o(j) = 2*j - 13. Let z be o(12). Suppose 2*y - 15 - z = 0. Suppose -35 = -5*s - 0*s. Calculate the remainder when y is divided by s.
6
Let d be (-312)/(-32) + 3/(-4). Let q = -4 + d. What is the remainder when 9 is divided by q?
4
Let n(j) = -j**3 - 11*j**2 + 10*j - 17. Suppose -1 = -v - 13. Calculate the remainder when 18 is divided by n(v).
4
Suppose -y - 3*y - 4*z = -344, -4*z + 178 = 2*y. Calculate the remainder when y is divided by 21.
20
Let y = 8 + 10. Let t = -38 - -72. Calculate the remainder when t is divided by y.
16
Let j = -8 + 19. What is the remainder when 18 is divided by j?
7
Suppose -3*n - 365 = -8*n. Calculate the remainder when n is divided by 19.
16
Let l(m) = -m**3 + 10*m**2 - 9*m + 8. What is the remainder when l(9) is divided by 3 + -1 - 2/(-2)?
2
Suppose -99 = 3*m - 390. Calculate the remainder when m is divided by 27.
16
Suppose -3*c = 4*g - 42, -5*c + c - g = -43. Suppose 20 + 16 = 2*b. Calculate the remainder when b is divided by c.
8
Let y = -92 + 131. Let g(a) = -a**2 - 15*a - 12. Let m be 26/(-4)*(10 - 8). What is the remainder when y is divided by g(m)?
11
Let r = 22 + 6. What is the remainder when r is divided by 5?
3
Let t = 9 - 1. Let o = t - 3. Let j = 4 - 1. Calculate the remainder when o is divided by j.
2
Let g = -14 - -34. Suppose 0 = -3*w + 8*w + 2*v - 113, -w + g = 3*v. Calculate the remainder when w is divided by 13.
10
Suppose -5*s = 3*z + 78 + 3, -2*z - 5*s - 54 = 0. Let j be 1/(z/(-15) - 2). Let h = 15 + j. What is the remainder when 19 is divided by h?
9
Let z(p) = p**3 - 3*p**2 - 2*p + 3. Calculate the remainder when 30 is divided by z(4).
8
Let a = -19 - -31. Let s(z) = -z**3 - 5*z**2 + 6*z - 8. Let f be s(-6). Let n = f + 42. Calculate the remainder when n is divided by a.
10
Let o = -111 + 136. Calculate the remainder when 94 is divided by o.
19
What is the remainder when 42 is divided by 152/16 - 3/(-2)?
9
Let v(y) = y - 10. Let g be v(11). Let m = 3 + g. What is the remainder when 14 is divided by m?
2
What is the remainder when -40*(-3 + 2)*1 is divided by (-12)/8 + 90/4?
19
Suppose 0 = -3*q - q + 12. Calculate the remainder when 6 is divided by (24/10 - q)*-5.
0
Let z(x) = -8*x**3 + 2*x + 1. What is the remainder when 18 is divided by z(-1)?
4
Calculate the remainder when (-114)/5*25/(-10) is divided by 12.
9
Let l = 15 - 0. Let s = 1 - -7. Calculate the remainder when l is divided by s.
7
Suppose -5*k + 15 - 5 = 0. Let n be 82/(k/((-6)/3)). Calculate the remainder when (-6)/(-9) - n/3 is divided by 15.
13
Let t = 5 + -3. Suppose 0 = -2*m + t + 4. Let u = -6 - -7. Calculate the remainder when m is divided by u.
0
Let u(p) = -p**2 + 9*p + 3. Suppose -4*c - 4 + 20 = 0. Let j(r) = r**2 - 2*r - 4. Calculate the remainder when u(8) is divided by j(c).
3
Suppose 6 = 2*r - 4*v - 62, r - v - 33 = 0. Let g = -71 - -105. Suppose 0 = 6*d - 4*d - g. What is the remainder when r is divided by d?
15
Suppose -5*p + m + 20 = -22, -m = -4*p + 33. Suppose 4*w + 35 = p*w. What is the remainder when w is divided by 4?
3
Suppose -3*r + 667 = 5*g, -2*g + r = 3*g - 651. Suppose 5*f = -5*h + 195, -7*f + g = -3*f - h. Calculate the remainder when f is divided by (24/10)/((-1)/(-5)).
10
Let m(y) = -y**3 + 6*y**2 + y - 1. Let a be m(3). Suppose -4*o + a = 389. Calculate the remainder when ((-12)/9)/(4/o) is divided by 8.
6
What is the remainder when 7/((-14)/4) + (1 - -42) is divided by 11?
8
Let q be ((-20)/(-6))/((-2)/(-3)). Suppose 4*r - 57 = h - 4*h, -q = h. Calculate the remainder when 35 is divided by r.
17
Let y(z) = z + 4. Let b(o) = -3*o - 13. Let q(m) = -4*b(m) - 14*y(m). Calculate the remainder when q(-5) is divided by 5.
1
Calculate the remainder when 0/3 - -5 - -18 is divided by 13.
10
Let n be (-2)/(-12) - (-1977)/18. Suppose -n = -4*i + 2*i. What is the remainder when i is divided by 29?
26
Let o = -7 - -24. Suppose y - 5*y = 112. Let n = -19 - y. Calculate the remainder when o is divided by n.
8
Suppose 107 = u - 11. What is the remainder when u is divided by 30?
28
Suppose -6*j = -4*j - 66. Suppose 2*r - s - j = 0, -5*r - 5*s = -3*r - 3. Calculate the remainder when 41 is divided by r.
13
Let o = -13 - -20. Let z be (-10)/(-55) - (-18)/22. Let k(p) = 10*p + 1. What is the remainder when k(z) is divided by o?
4
Let z(b) = b**3 + 3*b**2. Let q(g) = -g + 12. Let j be q(11). What is the remainder when j*(0 - (2 + -13)) is divided by z(-2)?
3
Let l = -108 + 158. Suppose -2*m + 7*m = l. What is the remainder when m is divided by 6?
4
Let h = 108 + -76. Suppose 2*t = -0*t + h. Calculate the remainder when t is divided by 9.
7
Suppose 14 = 3*b - 1. What is the remainder when 9 is divided by b?
4
Suppose -4 = -k, 3*r + 4*k = 2*k + 23. Suppose 28 = p - r*f - 24, -156 = -5*p - f. What is the remainder when p is divided by (-87)/(-5) + (-6)/15?
15
Let v(k) = 4*k - 8. Let t = 4 + -2. Suppose -m - 2*n - 2 = 0, 5*m - t*n = n + 42. What is the remainder when 62 is divided by v(m)?
14
Calculate the remainder when ((-164)/(-16))/(5/40) is divided by 24.
10
Let q be 4 + 0/((-2)/(-1)). Let t be (306/(-8))/(q/(-16)). Let k = -104 + t. Calculate the remainder when k is divided by 17.
15
Let z = -12 + 8. Let r(q) = -8*q - 3. Let o be r(z). Let b = 7 + o. What is the remainder when b is divided by 13?
10
Suppose -4*m + 195 = -73. Suppose 0 = -2*x - 4*k + 20 - 76, 0 = -3*x + 3*k - 129. Let s = x + m. What is the remainder when s is divided by 10?
9
Suppose 0 = -s - 2*i + 6*i + 32, -4*s + 3*i = -76. Let j = -61 - -120. Calculate the remainder when j is divided by s.
11
Suppose 10*a - 11*a = -65. What is the remainder when a is divided by 17?
14
Let h(t) = -7*t - 3. Let s be h(-3). Suppose -x = 3 - 4, 4*x + s = 2*a. Suppose 2*d - 3*d + a = 0. What is the remainder when d is divided by 6?
5
Calculate the remainder when (-13)/(91/(-10))*(-105)/(-3) is divided by 14.
8
Calculate the remainder when -1 - 76/(-4) - 0 is divided by 5.
3
Suppose -2*s - 13 = -4*g + g, 0 = -2*g + 2*s + 10. Calculate the remainder when g/(1/(7 - -2)) is divided by (-54)/(-4) + (-1)/(-2).
13
Let z = 14 - 10. Suppose 0 = 2*f + z*i - 76, 13 = -3*f + 4*i + 77. Calculate the remainder when f is divided by 15.
13
Let f be ((-4)/5)/(4/(-10)). Let d be 0 + 2 + 1 - 0. Suppose 0*m + 2*m + 72 = d*s, f*m - 6 = 0. Calculate the remainder when s is divided by 9.
8
Suppose 8*i - 139 + 27 = 0. What is the remainder when 27 is divided by i?
13
Suppose -2*q + 10 = -0. Suppose -p + q*k + 15 = -0*k, -k + 3 = p. Calculate the remainder when 4/(0 - (-2)/4) is divided by p.
3
Suppose -j + 6 = 5*y - 25, -5*j - 4*y + 134 = 0. What is the remainder when 103 is divided by j?
25
Suppose 5*d + 394 = -4*y - 9, 2*y - 172 = 2*d. What is the remainder when 49 is divided by 12/30 - d/5?
15
Suppose 2*r - 27 - 9 = 0. Let z = 20 - 10. Calculate the remainder when r is divided by z.
8
Let u = 1 + 3. Let d(b) = 6*b**2 - 2*b - 1. Calculate the remainder when d(u) is divided by 30.
27
Suppose -8 + 2 = -3*v + x, 2*v - 5*x - 17 = 0. Suppose 0*d + 3*t - v = d, 5*d - 34 = 2*t. Calculate the remainder when 14 is divided by d.
6
Suppose -7*m + 12*m - 150 = 0. Calculate the remainder when m is divided by 16.
14
Let a = -27 + 50. Calculate the remainder when 90 is divided by a.
21
Suppose 291 = 5*s - 2*s. What is the remainder when s is divided by 49?
48
What is the remainder when 16 is divided by 2 + (-29)/(-9) - 20/90?
1
Let f = 45 - 17. Suppose 0*g + g = f. Calculate the remainder when g is divided by 10.
8
Suppose g + 184 = 5*g. What is the remainder when g is divided by 16?
14
Suppose -5*g + 8 = -g. Let z = 2 - 5. Calculate the remainder when z + 0 + 0 + 8 is divided by g.
1
Suppose -3*b + 17 = -4. Suppose i - 30 = -5*l + 6*i, 2*l = 3*i + 14. Suppose 33 = l*o - o. Calculate the remainder when o is divided by b.
4
Let z(g) = 7*g**2 - 11*g + 21. What is the remainder when z(4) is divided by 45?
44
Let g = 123 - 118. Calculate the remainder when 19 is divided by g.
4
S